
-48 + 10 + 0 + -25 + (1 + -6 - 2)
-70
51 + 0 + (5 - (-50 + 19))
87
Calculate 20 - -5 - (46 - (-88 + 110)).
1
Calculate -120 + (20 - ((-29 - -72) + -37)).
-106
(-7 - (3 - 9)) + (0 - 2) - (-147 - -183)
-39
What is the value of -20 - (1 + 6 + (71 - -10 - 47))?
-61
Calculate 65 + -12 + 8 + (2 - 9) + -1.
53
What is -34 - (48 + (-117 - -36)) - 37?
-38
79 + -139 + 20 + -3
-43
Calculate -25 + (-29 - (-40 + 24)).
-38
What is -18 - (-99 - 28) - 29?
80
13 + (-13 - (49 + (6 - 16) + 8))
-47
What is -6 + 4 + 8 - (7 - (-17 - -37))?
19
Evaluate 1492 - 1443 - (7 + -4 + 120).
-74
Calculate -131 - -118 - (-45 + 2 + 5).
25
Evaluate (27 - 38) + 2 - (-12 - -80 - -9).
-86
Evaluate -18 - (3 - (-28 + 70)).
21
What is the value of 2 + -66 - (48 + -60 + (29 - -3))?
-84
Calculate 9 + -17 - (78 + 0 - (66 + -66)).
-86
Calculate 23 + -86 + 53 + (-1 - 38 - (-1 - 1)).
-47
Evaluate (21 - (33 + 14)) + 10 + (-1 - -38).
21
What is the value of 205 - 112 - ((2 - 1) + -5 - -17)?
80
What is -51 - (74 + 58 + -166)?
-17
Calculate -4 - (12 + (20 + -12 + -87 - 5 - 13)).
81
Calculate 192 + -100 + -244 + 142.
-10
What is -69 - (-39 + -10 - 4)?
-16
What is the value of 3 - -42 - (13 + -1 - (2 + 7 - -3))?
45
Calculate (-16 + (-7 - -22) + -8 - (2 - 7)) + 9.
5
Evaluate 16 + 5 + (8 + -10 - (-59 + 75)).
3
Calculate 2 - (51 + -84 + -9).
44
(81 - (12 - -3)) + (27 - (30 + 2))
61
What is the value of -4 + 3 + 32 + (-19 - (-5 + -3))?
20
8 + -9 + (-13 - (-8 - 7))
1
What is the value of -18 - (-14 - -10 - (11 + (-6 - 20)))?
-29
What is -68 + (-34 - (-56 - -27))?
-73
Evaluate 3 + (19 + -17 - -14) + -3.
16
55 - (-18 + (24 + 19 - 3))
33
What is the value of 0 + -63 + (-3 - (-34 + 15 + 0))?
-47
Evaluate (77 - 47 - 14) + (-16 - 0) - 107.
-107
-59 - (5 - (-26 + 22)) - -11
-57
What is the value of (13 + -4 - (-57 + 2)) + (-7 - 7)?
50
Calculate 41 + 0 - (-17 - (-11 - -20 - 16)).
51
Calculate (-11 - 33 - -22) + 15.
-7
What is the value of -22 + (-11 + 51 - 31) + -19 + 0?
-32
Calculate 5 + 5 + (70 - 2) + -4 + -6.
68
Calculate (4 + 1 + 39 - (-32 - -16)) + -7.
53
What is 7 + -3 + 35 + -24 + -9 + 42?
48
Calculate (27 - -12 - 1) + -24 - (4 + -3).
13
What is -59 + -7 + (193 - 83)?
44
Evaluate 1 + (23 - (-14 - -14) - (37 + -72)).
59
What is 0 - (-6 + 17 + (-2 - 11 - 25))?
27
What is the value of 5 + (6 - 37) - (629 - 714)?
59
Calculate 57 - (-11 - -2 - (-7 + 4 + (-19 - -15))).
59
166 + -118 - ((-5 - 1) + 2) - (-72 - -62)
62
Evaluate 18 + 24 + 32 + (-115 - -18).
-23
What is the value of 1 - 2 - ((-72 - 4) + (3 + 0 - 24))?
96
Calculate 1 - (-47 + -13 + 72).
-11
Calculate -26 - (0 - 0) - (-36 + 231 + -186).
-35
Calculate 104 + (-2 - -40) + -94 + 40.
88
Evaluate 146 + -79 + 110 - 134.
43
What is 4 + (46 - 44) - (2 + -30)?
34
-15 - (-6 + (14 + -15 - 3) + -18)
13
Evaluate 27 + (19 - (-12 + 14 + -21)).
65
Evaluate 34 + -14 + -14 + (0 - 14).
-8
What is the value of 18 + -5 - (23 + 30 + 6)?
-46
Calculate -13 + (9 - (7 - 23)) + (-6 - 11).
-5
What is the value of -304 + 281 + (-1 - -41) + 1?
18
What is the value of 4 - (-106 + (23 - (32 - 2)))?
117
What is -4604 + 4593 - (-66 - -1)?
54
What is (-53 + 69 - 38) + (-6 - 1)?
-29
75 - (-59 + 72 + -20 + 1 - -3)
78
What is the value of 6 - ((5 - -1 - 45) + (-9 - (-12 - -1)))?
43
Evaluate 33 + (-1 - (-12 - -7)) - (16 + -40 + 15).
46
23 + (-13 - 0 - (24 - 40))
26
-329 - -281 - (0 + -35) - 84
-97
Evaluate -75 - -51 - (10 + -22 + 10 + -46).
24
Calculate 59 + 5 - (1 - -3) - (38 + -26 - 0).
48
Evaluate 66 + -20 + (14 - (-17 + 17)).
60
Calculate -442 + 458 + (2 + 23 - -1).
42
Calculate (-42929 - -42951 - (-5 + (-1 - (0 + -1)))) + -14.
13
What is 56 + -24 + -46 + (3 - 1 - -81)?
69
What is -4036 + 3935 + (1 - -40)?
-60
What is 34 + (-1 - (0 - -16) - (-140 - (-270 - -135)))?
22
Calculate -14 + 99 + -4 + (3 + 19 - 27).
76
What is the value of (-60 - 1) + (10 - 9) + 10 + 8?
-42
112 - ((23 - 22) + -21) - ((-1 - 0) + -4)
137
69 + -2 - (-80 + 76 + (-4 - (-2 - -2)))
75
(0 - -25) + (-64 - -43 - -30) - -8
42
Evaluate -18 + (-10 - (25 + -34)).
-19
What is -4 - (-47 - (-10 + 15 + -1 + 12))?
59
What is the value of (-43 - (-61 - -14)) + 86 + (6 - 5)?
91
-26 + (43 - 34) + -4
-21
Evaluate 85 + 5 + -29 + -21 + 26.
66
What is -4 - -7 - 2 - (10 - (3 - 11))?
-17
What is (-126 - (-162 - -31)) + 0 + (-15 - 2)?
-12
-58 - -1 - (-33 + 88 + -64)
-48
What is the value of 3 + 23 - (2 + (-6 - -4) - -12 - 7)?
21
Evaluate -132 - (9 + (-28 - (-23 + 30))).
-106
Calculate 7 + (-2 - 20 - (-348 - -338)).
-5
What is the value of 66 + (-68 - 33) - -1?
-34
Calculate 54 - (10 + -2) - (6 - (5 + -9)).
36
Evaluate -5 - (-42 - (6 - -10 - 20) - (6 - -9)).
48
Calculate (-11 - ((16 - 152) + 14)) + -57 + 36.
90
4 - (3 + -3 + -80 + -21 + -7 + 26)
86
Evaluate 5 - (-103 + 97 + 1 + -4 - -10 - -82).
-78
What is the value of ((-27 + -1 - -25) + 9 + 0 - 6) + -32?
-32
What is the value of -20 + -57 + -30 + 74 + (-1 - 1)?
-35
0 + -59 + (-78 - (-44 + -49)) + (-15 - 0)
-59
What is the value of -13 + (-23 - (-2 - (18 + (-8 - 7))))?
-31
What is the value of 44 + (11 - (-7 - -70))?
-8
What is the value of 62 - (-12 - (-2 - 23))?
49
Calculate -54 + (9 - (-3 - (-4 - 0))) + (139 - 138).
-45
Calculate 11 + (19 - (-24 + 24)) + -8.
22
What is 1 - (-1 - -27) - (96 + (-170 - -97))?
-48
Evaluate 71 - (80 + -51 + -23).
65
Evaluate (1 - ((8 - 3) + 2)) + (1 + 7 - -53).
55
Calculate 49 + -35 + (64 - 104).
-26
Calculate 63 - (-11 - -58) - (5 + 90).
-79
Evaluate (-4 - -2 - (-8 + 1 + 3)) + 45.
47
Evaluate 1621 - 1675 - (0 + -93).
39
Calculate 75 - (-5 - -41 - (124 + -95)).
68
What is -17 + (99 - 12) + (230 - 274)?
26
Evaluate 61 - (181 + -66) - -49.
-5
Calculate 33 + 0 - (32 + -25).
26
-8 + -18 + 24 + 17 - 7
8
What is the value of -128 + 9 - (712 + -765)?
-66
What is 201 - (-62 + 249) - (102 - 2 - 2)?
-84
-65 + 0 - ((-27 - (8 - 33)) + -1) - 9
-71
What is the value of -46 - (-16 + 14 + 2) - -7?
-39
50 + (-14 - -103 - 144)
-5
What is -1715 + 1607 + 2 + 0?
-106
1 + 18 + (10 - (-22 - -6 - -25))
20
What is the value of (2 - -11) + (-4 - -1) + 2 - (-69 + 118)?
-37
What is the value of -33 + 70 - 72 - -55?
20
What is the value of 19 - (53 - -47 - 54)?
-27
Evaluate (-1 - -5) + (7 - 1) + (-1 + 5 - -19).
33
What is the value of 23 + (26 - 43) + -163 + 38?
-119
68 + (-149 - (59 + -149))
9
What is -21 - (16 - 43) - (1 + -3 + 2)?
6
-27 - (-14 - -10) - (3 - 3) - 4
-27
What is 31 + (7 - -10) + -19 + 6 + -5?
30
What is 6 - 13 - 13 - -24 - (-23 - -2)?
25
What is 8 - (-27 + (19 - 6 - 29))?
51
What is 68 + 20 + 13 + -66?
35
Calculate -44 + (120 - -53 - 33).
96
Evaluate (-6 - -34) + -7 + -29 - (-6 + 0).
-2
Evaluate -23 + 51 + -6 - -12.
34
Evaluate 20 + (-32 - 5) - -34.
17
-17 + 3 - -24 - ((-9 - -6) + 14)
-1
Evaluate 75 - (-22 - -56) - (-19 - -6).
54
What is (7 + 1 + 1 - (3 + -67 + 69)) + 58?
62
What is the value of -18 + 6 + 0 + (-99 - (-135 + 50))?
-26
Evaluate 3 + (1 - 10) + (-11 - -5) + 17 + -41.
-36
Evaluate 14 - (-74 + 26 + 45 + -2 + 17).
2
8 - ((-9 - -8 - -1) + (16 - 31 - -1))
22
Evaluate -84 - -57 - (-33 + 2).
4
-53 - (-11 - ((-23 - -34) + -2))
-33
Evaluate 414 + -379 - (0 - -53) - -100.
82
Evaluate -4 + 2 - (-9 - ((-1 - -1) + (-129 - -127))).
5
Calculate -29 - (39 - (-28 + 41)).
-55
Evaluate -62 + 133 + (4 - 0 - (27 - 26)).
74
What is the value of -21 + -4 + 65 + -7?
33
What is the value of 91 - (-34 + 35 + 26 + 7)?
57
What is the value of 4 - (-7 - (-1 + -12 - (-52 - -42)))?
8
50 + (8 - -1 - (-7 + (-2 - -3 - -4)))
61
What is the value of 11 - (5 + -1 + 0) - (-248 + 188)?
67
-4 + -104 + -38 + (99 - 74)
-121
What is the value of (-34 - (-2 - 0)) + (-1 - (-13 - (-30 + 11)))?
-39
-26 - (-14 + (-2 - (-12 + 6 - -2)))
-14
Evaluate 72 - (53 - -26) - 42.
-49
Evaluate -14 + 38 + 6 + -7 - -24.
47
7 - 11 - (-5 - ((1 - -15) + -8 - -41))
50
What is 32 + -34 - (9 - 55 - (4 + -1) - 4)?
51
Evaluate -41 + -51 + 35 + 59.
2
What is -62 - (-66 + 35 + -27)?
-4
What is 0 + 22 - (6 - (19 - (-14 - (-36 - -16))))?
29
What is the value of 1 - 1 - ((50 + -28 - 12) + 4 + -30)?
16
Calculate -6 + 11 + -60 + 1 - (-3 - -2).
-53
-75 + (-23 - (3 + -12 - -9 - 7))
-91
What is -1 + 9 + (38 - 84) + 33 + -18?
-23
Calculate (29 - 13) + -4 + (4 - 89).
-73
-34 - (-22 + 1 - (-263 - -247))
-29
What is -45 + 7 + -23 + 38?
-23
What is 96 - (31 - -56) - (-28 + 0)?
37
Calculate 27 + (-32 - -22) + -24 + 7 + 55.
55
Evaluat